*2 + 5*k - 3. Let p be a(3). Let z be 0 - (-8)/12*p. Calculate the remainder when 9 is divided by (-27)/36 + 30/z.
0
Suppose -12*z = -341 - 259. Calculate the remainder when z is divided by 49.
1
Let y = -427 - -466. Let j(c) = -38*c - 2. Calculate the remainder when j(-2) is divided by y.
35
Let u(d) = -d**3 + 5*d**2 + 7*d - 8. Calculate the remainder when 48 is divided by u(5).
21
Suppose 5*z + r = 870, 281 = 3*z + 3*r - 253. Suppose -2*p = 4*c - p - 97, 0 = -c + p + 28. What is the remainder when z is divided by c?
23
Calculate the remainder when 326 is divided by (-9)/((-126)/385) + 1/(-2).
2
Let l(h) = -h**2 + 123. Let i = 39 + -39. What is the remainder when l(i) is divided by 42?
39
Let z be 66/55*10/(-4). Let a be (-8)/6 - 4/z. Suppose a = -2*v + 30 + 12. What is the remainder when 41 is divided by v?
20
Suppose -8*c + 0*c = -168. What is the remainder when c is divided by 12?
9
Let q(v) = -19*v. Let z(c) = -c. Let d be z(2). Calculate the remainder when q(d) is divided by (-43 + 23)/(0 + -1).
18
Let u(a) = 5 + 7*a - a**3 - 2*a**2 - a**2 - 21 + 0*a. Calculate the remainder when u(-6) is divided by 14.
8
Suppose 0 = 2*h + 36 - 48. Suppose 0 = -z - 2*v + 7, 5*z - 3*v + 23 = 110. Calculate the remainder when z is divided by h.
3
Suppose 0 = -3*z - 0*z + 4*f + 158, f = -5*z + 271. What is the remainder when z is divided by 15?
9
Suppose -3*p = d + 2, 4 = 4*p - 6*p. Suppose 0*q - 4*q = 2*y - 50, 0 = -d*y + q + 91. Calculate the remainder when ((-82)/(-4) - -1)*2 is divided by y.
20
Let y be (-347)/4 + (-7)/28. Let h = 168 + y. Calculate the remainder when h is divided by 21.
18
What is the remainder when 120/(-18)*(24/5)/(-1) is divided by 8?
0
Suppose -z + 3 + 8 = 0. Suppose 1924 = 25*u - 1076. Calculate the remainder when u is divided by z.
10
Let b(i) = -i**2 + 5*i - 1. Let c be b(2). Suppose -64 = -2*r - 5*t, -t - 1 + c = 0. Calculate the remainder when r is divided by 5.
2
What is the remainder when 149 is divided by (-40)/(-6)*9/12 + 73?
71
Let h be (-22)/4 - 1/2. Let r = h + 11. Suppose 3*j + 20 = 2*z - 7, -26 = -2*z + 2*j. What is the remainder when z is divided by r?
2
Suppose -j + 4*q = -3 + 4, -5*q + 14 = 3*j. Suppose -8 + 29 = j*r. Calculate the remainder when 12 is divided by r.
5
Suppose 128*u = 130*u + 74. Let o(y) = -12*y - 2. Let r be o(-7). Let c = u + r. What is the remainder when c is divided by 12?
9
Suppose 3*v + 4 = o - 0*v, 5*o + 30 = 5*v. Let j = -13 - o. Calculate the remainder when (j/6)/(1/(-111)) is divided by 19.
18
Suppose -140 - 60 = -5*b. Let c = b + -35. Let q(f) = f**2 - 5*f - 10. Calculate the remainder when c is divided by q(7).
1
Let v be (-2 - 17/(-3)) + (-24)/36. Suppose -2*z - 3*j + 271 = 61, -v*z + 4*j = -349. Calculate the remainder when z is divided by 38.
35
Suppose -35*d - 448 = -49*d. Let a(p) = -p + 126. What is the remainder when a(0) is divided by d?
30
Suppose -3*c + b + 44 = 0, 2*c + 0*b - b = 31. Suppose -215 = -3*s - 74. Calculate the remainder when s is divided by c.
8
Suppose 0 = -h - 3*h + 36. What is the remainder when 30 is divided by h?
3
Let y = 31 + -29. What is the remainder when (-33)/(-7) + -2*(-1)/7 is divided by y?
1
Let z(y) = y - 7. Suppose 4*m + m - 45 = 0. Let f be z(m). Suppose f*i - 25 = 1. What is the remainder when 24 is divided by i?
11
Let x(q) = -10*q + 206. Calculate the remainder when 1041 is divided by x(9).
113
What is the remainder when (78/12 + -5)/(2/360) is divided by 26?
10
Let f = 51 + -39. Suppose -14*g = -f*g - 92. Calculate the remainder when g is divided by 12.
10
Let a(t) = -t**2 + 13*t + 23. What is the remainder when a(14) is divided by 1?
0
Suppose 9*q = -30 + 66. Calculate the remainder when 43 is divided by q.
3
Let w = 143 + -136. Calculate the remainder when 31 is divided by w.
3
Suppose -5*n - 610 = -2*p - 3*p, 0 = -2*p - 5*n + 223. What is the remainder when p is divided by 40?
39
Suppose 5*k + 31*j - 29*j - 235 = 0, 0 = 2*j. Calculate the remainder when 186 is divided by k.
45
Let h = -736 + 526. Let l(q) = -10*q - 3. What is the remainder when l(-3) is divided by 16/(-6)*h/56?
7
Suppose -5*u - 4*r = 61, 0 = -u - u - 2*r - 26. Let k = u - -20. Suppose 2*f = 122 - 40. Calculate the remainder when f is divided by k.
8
Suppose -3*j = -5*h - 50, -4*j + 8 = -h - 87. Calculate the remainder when 71 is divided by j.
21
Let a = 21 + -21. Let v(k) = k**3 - k**2 + 3. Let m be v(a). What is the remainder when 126 is divided by (-2)/m - (-294)/9?
30
Suppose 5*q = 2*l - 126, 4*l - 5*q - 200 = 52. Suppose 4*o - 5 = l. What is the remainder when 46 is divided by o?
12
Suppose 12 - 97 = -5*q. Let t(z) = 33*z**2 + z - 1. What is the remainder when t(1) is divided by q?
16
Let f = 499 - 462. What is the remainder when 257 is divided by f?
35
Let c = 48 + -36. Calculate the remainder when 215 is divided by c.
11
What is the remainder when 404 is divided by 31*1 - (11 + -9)?
27
Suppose 0 = -i + 7*i. Suppose i = -q - 3*q + 52. What is the remainder when 24 is divided by q?
11
Suppose -7*o + 3*d + 354 = -2*o, -278 = -4*o + 5*d. What is the remainder when 132 is divided by o?
60
Suppose -4 = -q, 4*u - 200 = 5*q - 6*q. Suppose -7*c = -21 - u. Calculate the remainder when 27 is divided by c.
7
Let r = 7 - -6. Let x be (-4 + 156/(-8))*-2. Let n = 85 - x. What is the remainder when n is divided by r?
12
Suppose 0 = -3*l + 10*l - 189. What is the remainder when l is divided by 8?
3
Let j be (12/(-10))/(4/20). Let w(v) = v**3 + 10*v**2 + 15*v + 5. Calculate the remainder when w(j) is divided by 15.
14
Suppose -3*g + 23 = -13. Let z = 6680 + -6634. Calculate the remainder when z is divided by g.
10
Let j be (4/2 + 446)*8/16. Suppose -4*v + j - 80 = 0. What is the remainder when v is divided by 10?
6
Suppose -v - 2*v = -5*n - 37, -33 = -2*v - 5*n. What is the remainder when 26 is divided by v?
12
Suppose 6*w - 2*w = 40. Suppose w*y - 6*y = 168. Let m = -20 - -31. What is the remainder when y is divided by m?
9
Suppose -9047 = -162*n + 1483. Suppose -2*c = -6*c - 2*u + 142, -4*u = 5*c - 185. What is the remainder when n is divided by c?
32
Suppose 0 = 7*m - 65 - 152. Calculate the remainder when 111 is divided by m.
18
Let f(z) = z - 12. Let h be f(12). Suppose 24 = 5*t - 4*c, h = -3*c + 2 - 5. What is the remainder when 16 is divided by t?
0
Let x(a) = -35*a - 401. Calculate the remainder when x(-19) is divided by 45.
39
Suppose -3*l + 63 = 2*c - 11, 0 = -4*l - 16. What is the remainder when 48 is divided by c?
5
Let w be 2 + 2 + -2 + 0. Suppose w*q + q + 24 = 0. Let c = q - -47. What is the remainder when c is divided by 20?
19
Let h(q) = -q**3 + 8*q**2 - 4. Let l(o) = -o**3 + 8*o**2 - 3. Let b(g) = -3*h(g) + 4*l(g). What is the remainder when b(6) is divided by 37?
35
What is the remainder when ((-6)/(-4))/(6/352) is divided by 5?
3
Suppose 11*v = 20*v - 198. Suppose 5*l + 4*i = 25 + 512, l - 115 = 3*i. Calculate the remainder when l is divided by v.
21
Suppose 3*q = 5*b - 202, -b + 42 = -0*b + q. Let o(u) = 2*u**2 - 6*u + 1. Calculate the remainder when b is divided by o(5).
20
Suppose -60 = -3*x + 3*q, 35*q - 32*q + 3 = 0. Calculate the remainder when 33 is divided by x.
14
Let w = -8 - 9. Let r = w - -22. What is the remainder when 15 is divided by r?
0
Let n = -33 + 55. Let f(l) = -l**3 + 21*l**2 + 28*l + 12. What is the remainder when f(n) is divided by 29?
28
Let u(p) = -p**2 - 5*p - 1. Let d be u(-4). Let n be 18 + -13 + (1 - 3). Suppose c - n = d. Calculate the remainder when 16 is divided by c.
4
Suppose -3*x = -12, -207*x = -5*h - 209*x + 63. What is the remainder when 2188 is divided by h?
10
Suppose 68*r = 14*r + 14526. What is the remainder when r is divided by 97?
75
Let i = -14 + 31. Let v(w) be the first derivative of 65*w**3/3 - w**2/2 + w + 1. What is the remainder when v(1) is divided by i?
14
Let p = -197 + 211. Calculate the remainder when 34 is divided by p.
6
What is the remainder when (1688/9)/2 + (-18)/(-81) is divided by 24?
22
Let d(b) = -b - 10 + 6 + 8. Suppose 3*k = 6, 2*k + 24 = q + 4*k. Calculate the remainder when q is divided by d(-3).
6
Let z = 20 - 20. Suppose u + 3*k + z*k = 51, -2*u = -2*k - 94. Calculate the remainder when u is divided by 7.
6
Suppose -27*s + 1666 = 7*s. Suppose -2*n - 51 = -5*n. Calculate the remainder when 